{"id":72,"date":"2020-01-23T13:31:13","date_gmt":"2020-01-23T12:31:13","guid":{"rendered":"http:\/\/www.lascheid.net\/?page_id=72"},"modified":"2020-01-23T13:45:53","modified_gmt":"2020-01-23T12:45:53","slug":"wappen","status":"publish","type":"page","link":"http:\/\/www.lascheid.net\/?page_id=72","title":{"rendered":"Wappen"},"content":{"rendered":"\n<div class=\"wp-block-image\"><figure class=\"alignleft size-large\"><img loading=\"lazy\" decoding=\"async\" width=\"100\" height=\"115\" src=\"http:\/\/www.lascheid.net\/wp-content\/uploads\/2020\/01\/Wappen100.gif\" alt=\"Bild: Wappen der Ortsgemende Lascheid\" class=\"wp-image-66\"\/><\/figure><\/div>\n\n\n\n<p class=\"has-text-align-left\"><strong>Wappenbeschreibung<\/strong><br><br> \u201eGeviert, 1, 4 silber, 2, 3 blau; 1: rotes durchgehendes Kreuz, 2:  schr\u00e4ger silberner heraldischer Scheit, 3: silberne Pflugschar; 4: zwei  blaue Balken\u201c <br><br><br><strong>Wappenbegr\u00fcndung <\/strong><br><br>Die Vierteilung des Schildes soll auf die Zugeh\u00f6rigkeit zum Condominium Pronsfeld mit seinen vier Herren hinweisen. <br><br>Die Farben Rot und Silber weisen auf die Zugeh\u00f6rigkeit zu Kurtrier (durchgehendes rotes Kreuz auf Silber) im Condominium Pronsfeld hin, zu dessen Mitbesitz auch Lascheid geh\u00f6rte, etwa ein Drittel der H\u00e4user geh\u00f6rte zur Burg Hartelstein. <br><br>Blau und Silber weisen auf die zeitweilige Zugeh\u00f6rigkeit zu Luxemburg hin. Der heutige Ortsname ist aus der alten Bezeichnung Lanscheit abgeleitet. Die Entstehung des Ortes wird in der mittelalterlichen Rodungsphase angenommen. Erste urkundliche Erw\u00e4hnung im Jahre 1540. Lascheid soll mit einer Kapelle bis zum Ende des 30j\u00e4hrigen Krieges an einer Bachquelle nord\u00f6stlich vom heutigen Ort nahe des heutigen Gesotz gelegen haben. Funde von Treppenstufen und Weihwasserbecken in den nach dem 30j\u00e4hrigen Krieg gebauten H\u00e4usern in Lascheid best\u00e4tigen, dass die ersten Geh\u00f6fte und die Kapelle zerst\u00f6rt worden sind. Auch heute noch geh\u00f6ren H\u00e4user auf dem Gesotz zur Gemeinde Lascheid.  Die Pflugschar dr\u00fcckt aus, dass der Lebensunterhalt der Bev\u00f6lkerung bis vor 50 Jahren aus der Land- und Forstwirtschaft kam. Der Heraldische Scheit soll als redendes Wappenteil auf einen Teil des Ortsnamens hinweisen. <\/p>\n\n\n<p><!--EndFragment--><br>\n<br>\n<\/p>\n\n\n<p><em>Das Wappen wurde von Heinrich Hack aus Lascheid entworfen. Der Ortsgemeinde Lascheid wurde am 04. August 2010 die Genehmigung zur F\u00fchrung eines Gemeindewappens durch die Kommunalaufsicht der Kreisverwaltung des Eifelkreises Bitburg-Pr\u00fcm erteilt. <\/em><\/p>\n","protected":false},"excerpt":{"rendered":"<p>Wappenbeschreibung \u201eGeviert, 1, 4 silber, 2, 3 blau; 1: rotes durchgehendes Kreuz, 2: schr\u00e4ger silberner heraldischer Scheit, 3: silberne Pflugschar; 4: zwei blaue Balken\u201c Wappenbegr\u00fcndung Die Vierteilung des Schildes soll auf die Zugeh\u00f6rigkeit zum Condominium Pronsfeld mit seinen vier Herren<\/p>\n","protected":false},"author":1,"featured_media":0,"parent":0,"menu_order":0,"comment_status":"closed","ping_status":"closed","template":"","meta":{"footnotes":""},"class_list":["post-72","page","type-page","status-publish","hentry"],"_links":{"self":[{"href":"http:\/\/www.lascheid.net\/index.php?rest_route=\/wp\/v2\/pages\/72","targetHints":{"allow":["GET"]}}],"collection":[{"href":"http:\/\/www.lascheid.net\/index.php?rest_route=\/wp\/v2\/pages"}],"about":[{"href":"http:\/\/www.lascheid.net\/index.php?rest_route=\/wp\/v2\/types\/page"}],"author":[{"embeddable":true,"href":"http:\/\/www.lascheid.net\/index.php?rest_route=\/wp\/v2\/users\/1"}],"replies":[{"embeddable":true,"href":"http:\/\/www.lascheid.net\/index.php?rest_route=%2Fwp%2Fv2%2Fcomments&post=72"}],"version-history":[{"count":3,"href":"http:\/\/www.lascheid.net\/index.php?rest_route=\/wp\/v2\/pages\/72\/revisions"}],"predecessor-version":[{"id":77,"href":"http:\/\/www.lascheid.net\/index.php?rest_route=\/wp\/v2\/pages\/72\/revisions\/77"}],"wp:attachment":[{"href":"http:\/\/www.lascheid.net\/index.php?rest_route=%2Fwp%2Fv2%2Fmedia&parent=72"}],"curies":[{"name":"wp","href":"https:\/\/api.w.org\/{rel}","templated":true}]}}

<div class="wp-block-image"><figure class="alignleft size-large"><img loading="lazy" decoding="async" width="100" height="115" src="http://www.lascheid.net/wp-content/uploads/2020/01/Wappen100.gif" alt="Bild: Wappen der Ortsgemende Lascheid" class="wp-image-66"/></figure></div>



<p class="has-text-align-left"><strong>Wappenbeschreibung</strong><br><br> „Geviert, 1, 4 silber, 2, 3 blau; 1: rotes durchgehendes Kreuz, 2:  schräger silberner heraldischer Scheit, 3: silberne Pflugschar; 4: zwei  blaue Balken“ <br><br><br><strong>Wappenbegründung </strong><br><br>Die Vierteilung des Schildes soll auf die Zugehörigkeit zum Condominium Pronsfeld mit seinen vier Herren hinweisen. <br><br>Die Farben Rot und Silber weisen auf die Zugehörigkeit zu Kurtrier (durchgehendes rotes Kreuz auf Silber) im Condominium Pronsfeld hin, zu dessen Mitbesitz auch Lascheid gehörte, etwa ein Drittel der Häuser gehörte zur Burg Hartelstein. <br><br>Blau und Silber weisen auf die zeitweilige Zugehörigkeit zu Luxemburg hin. Der heutige Ortsname ist aus der alten Bezeichnung Lanscheit abgeleitet. Die Entstehung des Ortes wird in der mittelalterlichen Rodungsphase angenommen. Erste urkundliche Erwähnung im Jahre 1540. Lascheid soll mit einer Kapelle bis zum Ende des 30jährigen Krieges an einer Bachquelle nordöstlich vom heutigen Ort nahe des heutigen Gesotz gelegen haben. Funde von Treppenstufen und Weihwasserbecken in den nach dem 30jährigen Krieg gebauten Häusern in Lascheid bestätigen, dass die ersten Gehöfte und die Kapelle zerstört worden sind. Auch heute noch gehören Häuser auf dem Gesotz zur Gemeinde Lascheid.  Die Pflugschar drückt aus, dass der Lebensunterhalt der Bevölkerung bis vor 50 Jahren aus der Land- und Forstwirtschaft kam. Der Heraldische Scheit soll als redendes Wappenteil auf einen Teil des Ortsnamens hinweisen. </p>


<p><!--EndFragment--><br>
<br>
</p>


<p><em>Das Wappen wurde von Heinrich Hack aus Lascheid entworfen. Der Ortsgemeinde Lascheid wurde am 04. August 2010 die Genehmigung zur Führung eines Gemeindewappens durch die Kommunalaufsicht der Kreisverwaltung des Eifelkreises Bitburg-Prüm erteilt. </em></p>

<p>Wappenbeschreibung „Geviert, 1, 4 silber, 2, 3 blau; 1: rotes durchgehendes Kreuz, 2: schräger silberner heraldischer Scheit, 3: silberne Pflugschar; 4: zwei blaue Balken“ Wappenbegründung Die Vierteilung des Schildes soll auf die Zugehörigkeit zum Condominium Pronsfeld mit seinen vier Herren</p>
